01034041 - -10?
-301034031
In base 16, what is 5fa + 1a?
614
In base 15, what is -bd20 + -1?
-bd21
In base 11, what is -4 + -70511?
-70515
In base 15, what is 78d - 10?
77d
In base 9, what is 15 + 216221?
216236
In base 10, what is -14761035 + -3?
-14761038
In base 3, what is 102 + -211200?
-211021
In base 3, what is -202112212121 - 12?
-202112212210
In base 12, what is -20 - -19060?
19040
In base 2, what is -10101 - 100010111101111?
-100011000000100
In base 11, what is -2 + -6832?
-6834
In base 14, what is -d81 - -288?
-ad7
In base 3, what is 1021 - -120210121?
120211212
In base 7, what is 100634 - -25?
100662
In base 7, what is 106405142 - 1?
106405141
In base 15, what is 5b37 - 1c?
5b1a
In base 16, what is -94f8 + -40?
-9538
In base 15, what is -49ec9 - 2?
-49ecb
In base 15, what is -7 - 3883d?
-38845
In base 13, what is -83a20 - -3?
-83a1a
In base 15, what is -305 + 93?
-262
In base 10, what is -396138 - 3?
-396141
In base 10, what is -5184 + 3?
-5181
In base 2, what is 1100 + -100001000000?
-100000110100
In base 5, what is -10 + -3442332?
-3442342
In base 16, what is 0 - e04f?
-e04f
In base 7, what is -132 + 6524?
6362
In base 7, what is -3 + 300010?
300004
In base 12, what is -166a0 + -3?
-166a3
In base 13, what is 9 - 3a02b?
-3a022
In base 13, what is 9 - -b78?
b84
In base 12, what is 713 - -9b5?
1508
In base 10, what is 224 - -174?
398
In base 2, what is -11101011111110 + 11?
-11101011111011
In base 14, what is 84700 - -5?
84705
In base 7, what is 520655 - 23?
520632
In base 3, what is 110020001 + -101001?
102212000
In base 16, what is -4 + -174e30?
-174e34
In base 15, what is 27c48 + 5?
27c4d
In base 3, what is -100220 + -121121120?
-121222110
In base 12, what is 4591 - 6?
4587
In base 9, what is -4 + -33512?
-33516
In base 11, what is 133 + -14?
11a
In base 8, what is 2553 - 26?
2525
In base 16, what is -8eb - -9?
-8e2
In base 2, what is -101100010101011 + 1001?
-101100010100010
In base 7, what is -4564 - -132?
-4432
In base 6, what is 5231 + 115?
5350
In base 5, what is 1103 + -330333?
-324230
In base 16, what is -2 + -21127?
-21129
In base 14, what is 1 + 156194?
156195
In base 11, what is -302 - 14a?
-451
In base 2, what is 1000100101 - 1100010010?
-11101101
In base 10, what is 3 - -9265?
9268
In base 7, what is -1041 + 51?
-660
In base 12, what is 16079 + -3?
16076
In base 6, what is -1421 - -444?
-533
In base 14, what is -1 - 42a?
-42b
In base 10, what is 47711 + -4?
47707
In base 14, what is -2dd6b - -2?
-2dd69
In base 6, what is -210 + 113020?
112410
In base 13, what is -2970 - 3a?
-29aa
In base 8, what is -2 + -216304?
-216306
In base 9, what is -21342 + 3?
-21338
In base 2, what is 11010111 - -11001100?
110100011
In base 13, what is -25902 + 4?
-258cb
In base 15, what is -c7e - -7?
-c77
In base 2, what is 1 - -10010011010001100?
10010011010001101
In base 2, what is 1000111110101 - -100?
1000111111001
In base 11, what is 9 + -122557?
-122549
In base 15, what is 4e8 - 29?
4be
In base 7, what is -4 + 6440613?
6440606
In base 8, what is -405 - 63?
-470
In base 9, what is 32027 - 1?
32026
In base 11, what is 7837 + -1?
7836
In base 11, what is -5 + -13529a?
-1352a4
In base 6, what is 1451350 - 0?
1451350
In base 10, what is 1 - 98759?
-98758
In base 14, what is 2943 + -5c?
28c5
In base 6, what is 15505 - 115?
15350
In base 3, what is -1222021 + 1021?
-1221000
In base 6, what is 10202243 - 4?
10202235
In base 7, what is -4 - -61365?
61361
In base 8, what is 16101 + -121?
15760
In base 6, what is -321 + -40540?
-41301
In base 15, what is -1 + -33cc?
-33cd
In base 6, what is 12522 + -34?
12444
In base 2, what is 11100111 - -1011011110101?
1011111011100
In base 5, what is -4 - 400443?
-401002
In base 4, what is -203102 + 0?
-203102
In base 9, what is 50 + 14661?
14721
In base 6, what is 325 + 341023?
341352
In base 10, what is -2 - 19195?
-19197
In base 13, what is -3 - -68759?
68756
In base 11, what is 16 + 41?
57
In base 16, what is 0 - -228?
228
In base 2, what is -1001010011110011100 + -11?
-1001010011110011111
In base 12, what is 9 - b6a8?
-b69b
In base 4, what is 1122232103 - -11?
1122232120
In base 16, what is -53 + 45?
-e
In base 10, what is -5 - -5722?
5717
In base 15, what is 88dca - 5?
88dc5
In base 15, what is -5 + 7c0a1?
7c09b
In base 3, what is -100202100 - 2210?
-100212010
In base 14, what is 1c9c7 - -4?
1c9cb
In base 15, what is 4 - -488d?
4892
In base 10, what is 5 + -153020?
-153015
In base 2, what is -1 + 11100000111000010?
11100000111000001
In base 4, what is 11 - -33120013?
33120030
In base 9, what is 245310 - 1?
245308
In base 8, what is 2455601 - 2?
2455577
In base 10, what is 3 - 73084?
-73081
In base 8, what is -7 - -403737?
403730
In base 6, what is -21224 - -41?
-21143
In base 16, what is -1c - -767e?
7662
In base 6, what is -53 + 1525420?
1525323
In base 16, what is -9 + -b5a3?
-b5ac
In base 6, what is -21202053 - 4?
-21202101
In base 14, what is -2 + -d04c?
-d050
In base 15, what is -42 + 70?
2d
In base 11, what is a114 + -5?
a10a
In base 16, what is 1 + 186ae?
186af
In base 13, what is -20b + -2a?
-238
In base 6, what is 3121 + 41?
3202
In base 4, what is 1101220 + -20331?
1020223
In base 13, what is -119 + -554?
-670
In base 8, what is 6103 + -2?
6101
In base 2, what is 101 + -1110101101000010111?
-1110101101000010010
In base 3, what is 112 + 102000?
102112
In base 15, what is 1303 - -2?
1305
In base 7, what is 1216 - -224?
1443
In base 4, what is 11 - 3111210332?
-3111210321
In base 7, what is -4 - -365051?
365044
In base 16, what is -134 - 196?
-2ca
In base 2, what is -11010001111011101 - 10?
-11010001111011111
In base 4, what is 110 - -1102212?
1102322
In base 16, what is 662 - -25?
687
In base 6, what is 11425 + 240?
12105
In base 8, what is -1 + 100633?
100632
In base 7, what is 4 - 4630151?
-4630144
In base 11, what is 1 + -87a78?
-87a77
In base 11, what is 38120 + 3?
38123
In base 8, what is -5727 - 0?
-5727
In base 6, what is 2425 + -35203?
-32334
In base 13, what is 19bb - -168?
1b56
In base 14, what is 4 + -248477?
-248473
In base 10, what is 50 - 12588?
-12538
In base 4, what is 21113 - 13202?
1311
In base 11, what is 40700 - 20?
40690
In base 7, what is 435 + 12346?
13114
In base 14, what is a1 + -2c53?
-2b92
In base 6, what is 2 - -1045214?
1045220
In base 6, what is -24021 + -50?
-24111
In base 4, what is 212132 + -121?
212011
In base 5, what is 104221 - 0?
104221
In base 4, what is 1130321102 + 11?
1130321113
In base 7, what is -101 - 15635?
-16036
In base 11, what is -18960 - 7?
-18967
In base 8, what is 70630677 - 1?
70630676
In base 15, what is 833 - 0?
833
In base 2, what is -10101101010100 + -1100?
-10101101100000
In base 3, what is 110002122202012 - 1?
110002122202011
In base 10, what is 5 - -54013?
54018
In base 6, what is -43 + -1255241?
-1255324
In base 2, what is 110 - -11001100010010?
11001100011000
In base 6, what is 35333 - -1?
35334
In base 6, what is -5 + 100215?
100210
In base 4, what is -11113 - -110222?
33103
In base 12, what is -22b53b + -2?
-22b541
In base 3, what is 122 + 1020020100?
1020020222
In base 3, what is -110101 + 22?
-110002
In base 4, what is 22 - 100101221?
-100101133
In base 8, what is 21217 + -72?
21125
In base 15, what is -4dd9 - -37?
-4da2
In base 11, what is -1a094 + 0?
-1a094
In base 5, what is 0 - 243231?
-243231
In base 7, what is -22 - -125016?
124664
In base 12, what is -811 + -16?
-827
In base 15, what is -2322cc - 5?
-2322d2
In base 12, what is 2288 - -2a?
22b6
In base 7, what is 33543 - 561?
32652
In base 10, what is 6 + 10298?
10304
In base 10, what is -3915 + 45?
-3870
In base 11, what is 16931a - 1?
169319
In base 8, what is -1121115 - 6?
-1121123
In base 12, what is 2a + -6423?
-63b5
In base 5, what is -1 + 22121?
22120
In base 13, what is 2 + 1c248?
1c24a
In base 6, what is 12223052 + 5?
12223101
In base 10, what is 61865 - -2?
61867
In base 2, what is 10001100001 - 10110?
10001001011
In base 15, what is -3d96 - 119?
-3eb0
In base 10, what is -6842 - 21?
-6863
In base 15, what is -9ed - -42c?
-5c1
In base 7, what is -534513 - -20?
-534463
In base 8, what is -12 - 6266?
-6300
In base 9, what is -113 + -121?
-234
In base 4, what is 310232 + -11312?
232320
In base 3, what is -21120222 - 111?
-21121110
In base 15, what is -7 - 51124?
-51